 -4 (base 5) to base 10.
-4
2 (base 3) to base 5
2
1 (base 14) to base 6
1
What is 3 (base 11) in base 14?
3
What is -5 (base 12) in base 13?
-5
-2 (base 11) to base 2
-10
What is 3 (base 9) in base 7?
3
What is -2 (base 9) in base 7?
-2
4 (base 8) to base 9
4
11 (base 7) to base 11
8
What is -44 (base 5) in base 6?
-40
-202 (base 5) to base 2
-110100
What is 1300 (base 5) in base 15?
d5
Convert 10110 (base 2) to base 6.
34
What is 7 (base 9) in base 8?
7
Convert -5 (base 8) to base 11.
-5
3 (base 11) to base 3
10
1222 (base 3) to base 6
125
What is -5 (base 16) in base 6?
-5
21 (base 12) to base 8
31
-12222 (base 3) to base 13
-c5
Convert 1011 (base 2) to base 8.
13
What is -3 (base 14) in base 3?
-10
What is 1 (base 10) in base 3?
1
Convert -3 (base 5) to base 7.
-3
What is -5 (base 7) in base 16?
-5
What is 1 (base 5) in base 4?
1
-19 (base 14) to base 8
-27
-2 (base 4) to base 2
-10
What is 37 (base 8) in base 5?
111
Convert a (base 13) to base 15.
a
Convert -4 (base 11) to base 7.
-4
Convert 8 (base 10) to base 14.
8
0 (base 9) to base 10
0
What is 2 (base 5) in base 13?
2
3 (base 11) to base 2
11
111 (base 6) to base 14
31
-3 (base 10) to base 9
-3
Convert 6 (base 7) to base 14.
6
5 (base 6) to base 4
11
What is -da (base 14) in base 11?
-165
What is 3 (base 6) in base 16?
3
What is b (base 14) in base 8?
13
Convert -61 (base 7) to base 12.
-37
Convert 52 (base 7) to base 14.
29
-12 (base 5) to base 4
-13
Convert -2 (base 14) to base 7.
-2
-1 (base 15) to base 8
-1
143 (base 8) to base 2
1100011
Convert -2 (base 7) to base 10.
-2
What is 3 (base 16) in base 8?
3
0 (base 5) to base 15
0
What is -4 (base 11) in base 6?
-4
What is -10 (base 4) in base 10?
-4
Convert 3 (base 8) to base 15.
3
100010 (base 2) to base 16
22
-421 (base 6) to base 13
-c1
What is 12 (base 3) in base 8?
5
What is 18 (base 11) in base 16?
13
What is -1 (base 14) in base 7?
-1
3 (base 5) to base 15
3
What is -12 (base 6) in base 14?
-8
Convert -438 (base 9) to base 15.
-18e
Convert -11 (base 2) to base 15.
-3
What is -3 (base 7) in base 3?
-10
-17 (base 15) to base 9
-24
-49 (base 16) to base 4
-1021
What is 10 (base 5) in base 16?
5
Convert 43 (base 13) to base 7.
106
3 (base 11) to base 16
3
-60 (base 12) to base 5
-242
What is -2 (base 11) in base 14?
-2
What is -14 (base 5) in base 4?
-21
What is 34 (base 7) in base 13?
1c
Convert 2 (base 7) to base 10.
2
-de (base 16) to base 2
-11011110
What is 32 (base 16) in base 11?
46
Convert -9 (base 11) to base 3.
-100
Convert 1211 (base 3) to base 14.
37
Convert -4 (base 15) to base 9.
-4
30 (base 4) to base 2
1100
-83 (base 12) to base 13
-78
What is -1 (base 16) in base 10?
-1
19 (base 13) to base 5
42
Convert 5 (base 13) to base 11.
5
2 (base 7) to base 6
2
What is -71 (base 14) in base 5?
-344
Convert dd (base 14) to base 8.
303
Convert 110 (base 3) to base 5.
22
212 (base 4) to base 8
46
Convert 1 (base 9) to base 6.
1
-c (base 15) to base 2
-1100
Convert -19 (base 16) to base 3.
-221
What is 29 (base 10) in base 11?
27
Convert -4 (base 12) to base 9.
-4
What is 11 (base 12) in base 5?
23
What is -a0 (base 13) in base 11?
-109
Convert -17 (base 12) to base 2.
-10011
16 (base 14) to base 7
26
What is 2c (base 14) in base 6?
104
What is 30 (base 4) in base 7?
15
What is -5 (base 6) in base 7?
-5
-301 (base 5) to base 3
-2211
Convert 5 (base 7) to base 8.
5
What is -1001 (base 2) in base 11?
-9
What is 55 (base 6) in base 16?
23
What is -2 (base 11) in base 12?
-2
Convert 8 (base 16) to base 11.
8
What is 4 (base 16) in base 10?
4
Convert 114 (base 5) to base 3.
1021
Convert 7 (base 15) to base 12.
7
4 (base 5) to base 14
4
-3 (base 11) to base 16
-3
1 (base 16) to base 4
1
What is 1 (base 9) in base 8?
1
Convert 5 (base 13) to base 7.
5
Convert -144 (base 7) to base 16.
-51
Convert -5 (base 13) to base 7.
-5
5 (base 10) to base 2
101
Convert -14 (base 10) to base 4.
-32
What is -51 (base 15) in base 8?
-114
Convert -15 (base 8) to base 5.
-23
Convert -1333 (base 4) to base 6.
-331
-2 (base 4) to base 13
-2
What is a (base 14) in base 4?
22
Convert 25 (base 9) to base 16.
17
-5 (base 8) to base 6
-5
Convert 29 (base 11) to base 3.
1011
11000 (base 2) to base 5
44
What is -2203 (base 4) in base 15?
-ad
Convert 5 (base 7) to base 15.
5
What is -1111101 (base 2) in base 13?
-98
What is 3 (base 8) in base 5?
3
Convert -10011 (base 2) to base 9.
-21
What is -2 (base 3) in base 2?
-10
What is -3 (base 8) in base 10?
-3
19 (base 14) to base 12
1b
Convert 120 (base 13) to base 8.
303
What is -19 (base 16) in base 11?
-23
What is 1 (base 16) in base 2?
1
What is 4a (base 15) in base 2?
1000110
Convert 6 (base 15) to base 4.
12
Convert 2020 (base 5) to base 6.
1112
What is -1240 (base 5) in base 11?
-168
Convert 11 (base 2) to base 8.
3
-28 (base 15) to base 10
-38
What is -93 (base 10) in base 13?
-72
Convert -8 (base 13) to base 9.
-8
Convert -3 (base 15) to base 2.
-11
Convert -11 (base 4) to base 13.
-5
What is 6 (base 7) in base 15?
6
What is 0 (base 8) in base 11?
0
11 (base 11) to base 15
c
What is -12011 (base 3) in base 11?
-117
What is -e (base 16) in base 6?
-22
-66 (base 9) to base 16
-3c
What is -1100 (base 2) in base 14?
-c
What is -13 (base 15) in base 5?
-33
Convert 2 (base 4) to base 8.
2
What is -1 (base 8) in base 2?
-1
37 (base 11) to base 5
130
What is 4 (base 6) in base 7?
4
What is 63 (base 12) in base 15?
50
What is 2 (base 10) in base 2?
10
-4 (base 9) to base 3
-11
What is -173 (base 14) in base 4?
-10221
What is -3 (base 12) in base 7?
-3
50 (base 10) to base 14
38
What is -37 (base 8) in base 9?
-34
-24 (base 7) to base 5
-33
106 (base 10) to base 16
6a
Convert 6 (base 9) to base 2.
110
10 (base 5) to base 4
11
What is -21 (base 8) in base 5?
-32
-2223 (base 4) to base 6
-443
5b (base 14) to base 11
74
Convert -44 (base 15) to base 2.
-1000000
-36 (base 16) to base 3
-2000
Convert -100 (base 6) to base 10.
-36
59 (base 11) to base 6
144
-327 (base 10) to base 9
-403
Convert -405 (base 6) to base 2.
-10010101
What is 2222 (base 3) in base 6?
212
c3 (base 16) to base 3
21020
Convert 3b (base 12) to base 4.
233
Convert -42 (base 13) to base 16.
-36
Convert 0 (base 7) to base 3.
0
1 (base 4) to base 9
1
2 (base 13) to base 4
2
Convert -44 (base 9) to base 13.
-31
What is -1 (base 15) in base 5?
-1
3 (base 14) to base 2
11
Convert -41 (base 11) to base 12.
-39
What is -205 (base 7) in base 9?
-124
Convert 10112 (base 3) to base 10.
95
What is 125 (base 6) in base 16?
35
What is 6b (base 16) in base 15?
72
Convert 6 (base 14) to base 4.
12
2 (base 10) to base 6
2
Convert -4 (base 5) to base 8.
-4
What is -2 (base 12) in base 9?
-2
1001 (base 2) to base 7
12
Convert 0 (base 12) to base 13.
0
What is 1113 (base 4) in base 15?
5c
-1 (base 9) to base 12
-1
Convert 24 (base 16) to base 13.
2a
Convert f (base 16) to base 11.
14
What is -7a (base 14) in base 11?
-99
-24 (base 9) to base 5
-42
What is -3 (base 12) in base 5?
-3
What is -110 (base 2) in base 9?
-6
6 (base 15) to base 3
20
What is -45 (base 14) in base 16?
-3d
Convert 2c (base 13) to base 12.
32
Convert 5d (base 14) to base 10.
83
5 (base 10) to base 14
5
2 (base 16) to base 14
2
Convert -6 (base 7) to base 13.
-6
Convert 5 (base 14) to base 8.
5
Convert -12 (base 8) to base 12.
-a
Convert 1 (base 10) to base 15.
1
What is 1 (base 8) in base 4?
1
5 (base 7) to base 16
5
Convert 12 (base 3) to base 2.
101
Convert 1 (base 13) to base 5.
1
Convert -30 (base 10) to base 7.
-42
Convert 15 (base 10) to base 6.
23
What is 3 (base 16) in base 8?
3
20102 (base 3) to base 7
335
Convert 10 (base 7) to base 13.
7
Convert 420 (base 6) to base 4.
2130
-21 (base 10) to base 8
-25
Convert 2 (base 10) to base 4.
2
Convert f (base 16) to base 9.
16
45 (base 11) to base 4
301
Convert a (base 14) to base 7.
13
48 (base 14) to base 16
40
Convert -6 (base 16) to base 15.
-6
What is -1 (base 16) in base 14?
-1
16 (base 12) to base 3
200
What is 18 (base 9) in base 15?
12
What is 12 (base 6) in base 8?
10
-10 (base 4) to base 14
-4
What is 1 (base 7) in base 9?
1
What is 185 (base 11) in base 10?
214
0 (base 10) to base 13
0
What is 162 (base 14) in base 8?
432
Convert -2 (base 13) to base 2.
-10
What is -101 (base 2) in base 13?
-5
What is -75 (base 14) in base 3?
-10